{"id":64,"date":"2023-03-08T22:26:14","date_gmt":"2023-03-08T21:26:14","guid":{"rendered":"https:\/\/web.stolarstvo-sivan.sk\/?page_id=64"},"modified":"2023-03-11T08:09:20","modified_gmt":"2023-03-11T07:09:20","slug":"ponuka","status":"publish","type":"page","link":"https:\/\/stolarstvo-sivan.sk\/?page_id=64","title":{"rendered":"Ponuka"},"content":{"rendered":"\n<div class=\"wp-block-group alignfull has-background\" style=\"background-color:#f8f4e4\"><div class=\"wp-block-group__inner-container is-layout-flow wp-block-group-is-layout-flow\">\n<div class=\"wp-block-columns alignwide is-layout-flex wp-container-core-columns-is-layout-9d6595d7 wp-block-columns-is-layout-flex\">\n<div class=\"wp-block-column is-layout-flow wp-block-column-is-layout-flow\">\n<h1 class=\"wp-block-heading\">Stol\u00e1rstvo Siv\u00e1\u0148<\/h1>\n\n\n\n<p>Zaober\u00e1me sa v\u00fdrobou interi\u00e9rov\u00fdch a exteri\u00e9rov\u00fdch dver\u00ed a z\u00e1rubn\u00ed n\u00e1bytku najm\u00e4 z mas\u00edvu, ale na po\u017eiadanie aj z laminovanej drevotriesky (DTD), predajom dver\u00ed: f\u00f3liovan\u00fdch, laminovan\u00fdch, dyhovan\u00fdch, sklen\u00fdch a v\u00fdrobou schodn\u00edc.\u00a0Na\u0161e v\u00fdrobky sprev\u00e1dza poves\u0165 kvality, atraktivity a cenovej dostupnosti. Dok\u00e1\u017eeme sa prisp\u00f4sobi\u0165 nastupuj\u00facim m\u00f3dnym trendom <strong>Povrchov\u00e9 \u00fapravy DVER\u00cd<\/strong><\/p>\n\n\n\n<p>Vyr\u00e1bame n\u00e1bytok na mieru ako s\u00fa kuchyne, decke izby, sp\u00e1lne, ob\u00fdva\u010dky, predsiene, k\u00fapelne, n\u00e1bytok v\u0161etk\u00e9ho druhu.<\/p>\n\n\n\n<h1 class=\"wp-block-heading\">F\u00f3liovan\u00e9<\/h1>\n\n\n\n<p>(0,1-0,2 mm) je najlacnej\u0161ie a z\u00e1rove\u0148 najmenej kvalitn\u00e9 prevedenie povrchovej \u00fapravy dver\u00ed. Dvere s f\u00f3liovan\u00fdm povrchom je vhodn\u00e9 pou\u017ei\u0165 bu\u010f v prostred\u00ed s vysok\u00fdm rizikom po\u0161kodenia, kde sa predpoklad\u00e1 (vzh\u013eadom na ni\u017e\u0161iu cenu) \u010dastej\u0161ia v\u00fdmena ( obch. centr\u00e1, v\u00fdrobn\u00e9 haly, n\u00e1jomn\u00e9 domy, byty, ubytovne a pod . .) alebo je riziko po\u0161kodenia tak n\u00edzke, \u017ee investova\u0165 do odolnej\u0161ej \u00fapravy je zbyto\u010dn\u00e9 (dom\u00e1cnosti bez mal\u00fdch det\u00ed, bez zvierat, s\u00fakromn\u00e9 chaty a pod. )<\/p>\n\n\n\n<h1 class=\"wp-block-heading\">Laminovan\u00e9<\/h1>\n\n\n\n<p>(0,2-1,0 mm) s\u00fa odolnej\u0161\u00edm preveden\u00edm f\u00f3liovanej \u00fapravy. Povrchov\u00e1 \u00faprava je ove\u013ea tvrd\u0161ia a pru\u017enej\u0161ia. Laminovan\u00e9 dvere s\u00fa vhodn\u00e9 do prostredia s vy\u0161\u0161ou mierou rizika po\u0161kodenia (dom\u00e1cnosti s mal\u00fdmi de\u0165mi, dom\u00e1cimi zvieratami, kancel\u00e1rie a pod.), kde sa vy\u017eaduje dlhodob\u00e9 u\u017e\u00edvanie.<\/p>\n\n\n\n<h1 class=\"wp-block-heading\">D\u00fdhovan\u00e9<\/h1>\n\n\n\n<p>(1,2-1,5 mm) s\u00fa kvalitat\u00edvne zrovnate\u013en\u00e9 s mas\u00edvom. Je to luxus ktor\u00fd zaru\u010duje nielen kr\u00e1su, ale aj kvalitu. U tohto prevedenia s\u00fa na v\u00fdber doplnky v luxusnej\u0161om preveden\u00ed (kraj\u0161ie prevedenia, vzory z\u00e1rubn\u00ed, skiel &#8230;). D\u00fdhu je vhodn\u00e9 pou\u017ei\u0165 do interi\u00e9rov moderne zariaden\u00fdch domov a bytov, luxusn\u00fdch hotelov a pod.<\/p>\n\n\n\n<h1 class=\"wp-block-heading\">Mas\u00edv<\/h1>\n\n\n\n<p>s\u00fa najkvalitnej\u0161\u00edm preveden\u00edm interi\u00e9rov\u00fdch dver\u00ed. Mas\u00edvne dvere s\u00fa extr\u00e9mne odoln\u00e9, a po zmene povrchovej \u00fapravy s\u00fa vhodn\u00e9 aj do exteri\u00e9ru ako vchodov\u00e9 dvere. Dvere vyhotoven\u00e9 z mas\u00edvu s\u00fa vhodn\u00e9 v\u0161ade tam kde je aj interi\u00e9r (kuchynsk\u00e9 linky, schody . . .) laden\u00fd mas\u00edvom , pr\u00edpadne do dreven\u00edc \u010di zrubov.<\/p>\n\n\n\n<h1 class=\"wp-block-heading\">Sklen\u00e9<\/h1>\n\n\n\n<p>s\u00fa najmodernej\u0161\u00edm vyhotoven\u00edm dver\u00ed s mno\u017estvom grav\u00edrovan\u00fdch vzorov. Kr\u00eddlo je vyroben\u00e9 z extr\u00e9mne odoln\u00e9ho bezpe\u010dnostn\u00e9ho skla. Sklen\u00e9 dvere je vhodn\u00e9 pou\u017ei\u0165 do interi\u00e9rov modern\u00fdch bytov a domov, ako dvere k\u00fape\u013en\u00ed, oddelen\u00ed v bank\u00e1ch, recepci\u00ed hotelov a pod.<\/p>\n\n\n\n<p>DVERE -mas\u00edv, Z\u00c1RUB\u0147A OBY\u010cAJN\u00c1 \u2013mas\u00edv, Z\u00c1RUB\u0147A OBL\u00d4\u017dKOV\u00c1 mas\u00edv<strong>Mas\u00edvne dvere<\/strong><\/p>\n\n\n\n<p>R\u00e1m dver\u00ed je z radi\u00e1lne rezan\u00e9ho smrekov\u00e9ho reziva ( fix ), pr\u00edpadne lepen\u00e9ho hranolu ( cink ). V\u00fdplne dver\u00ed s\u00fa roben\u00e9 zo smrekovej \u0161k\u00e1rovky s fr\u00e9zovan\u00fdm vzorom. Povrchov\u00fa \u00fapravu dver\u00ed tvor\u00ed farebn\u00e9 moridlo pod\u013ea priania z\u00e1kazn\u00edka a interi\u00e9rov\u00fd alebo exteri\u00e9rov\u00fd tvrdolak. Tvar a&nbsp;rozmery dverov\u00fdch kr\u00eddel z\u00e1visia od po\u017eiadavky z\u00e1kazn\u00edka (vyr\u00e1bame v\u0161etky typick\u00e9 aj atypick\u00e9 rozmery r\u00f4znych tvarov). Pod\u013ea priania z\u00e1kazn\u00edka dod\u00e1vame dvere s n\u00e1terom, alebo bez. Sklo je zahrnut\u00e9 v cene dver\u00ed ( u exteri\u00e9rov\u00fdch \u2013 dvoj sklo).<br>Ak\u00fdko\u013evek hranat\u00fd kazetov\u00fd vzor (pod\u013ea vlastn\u00e9ho n\u00e1vrhu)<\/p>\n\n\n\n<p>Atypick\u00e9 rozmery dver\u00ed, svetl\u00edkov alebo presklen\u00fdch stien, s\u00fa nace\u0148ovan\u00e9 individu\u00e1lne pod\u013ea po\u017eiadaviek z\u00e1kazn\u00edka, pr\u00edpadne po zameran\u00ed v mieste dodania. Tvar dvern\u00e9ho kr\u00eddla je vhodn\u00e9 nakresli\u0165 ako p\u00f4dorys s rozmermi a v opise uvies\u0165 \u010do najviac po\u017eiadaviek t\u00fdkaj\u00facich sa vyhotovenia a sp\u00f4sobu pou\u017e\u00edvania.<\/p>\n\n\n\n<p id=\"ponuka-cena\">Mas\u00edvny n\u00e1bytok aj z&nbsp;DTD je nace\u0148ovan\u00fd individu\u00e1lne pod\u013ea po\u017eiadaviek z\u00e1kazn\u00edka.<\/p>\n\n\n\n<h1 class=\"wp-block-heading\">Pre\u010do dvere z mas\u00edvu?<\/h1>\n\n\n\n<p>Opravite\u013enos\u0165 materi\u00e1lu<\/p>\n\n\n\n<p>V dne\u0161nom \u010dase je ponuka interi\u00e9rov\u00fdch a exteri\u00e9rov\u00fdch dver\u00ed ve\u013emi \u0161irok\u00e1 a mnoho firiem sa orientuje na v\u00fdrobu dver\u00ed z dyhy alebo f\u00f3lie. Ak\u00fa m\u00e1 teda v\u00fdhodu drevo? Sta\u010d\u00ed sa zamyslie\u0165 nad t\u00fdm, ak\u00fa hist\u00f3riu maj\u00fa dreven\u00e9 dvere &#8211; v historick\u00fdch budov\u00e1ch n\u00e1jdete dvere star\u00e9 nieko\u013eko desa\u0165ro\u010d\u00ed a s\u00fa neprestajne funk\u010dn\u00e9, drevo ako spo\u013eahliv\u00fd materi\u00e1l n\u00e1m zaru\u010duje dlhoro\u010dn\u00e1 hist\u00f3ria.<\/p>\n\n\n\n<p>Dreven\u00e9 dvere oproti in\u00fdm materi\u00e1lom mo\u017eno v\u017edy opravi\u0165, napr. po po\u0161koden\u00ed dom\u00e1cimi mazn\u00e1\u010dikmi alebo de\u0165mi. Po ve\u013ekom opotreben\u00ed je mo\u017en\u00e9 ich prebr\u00fasi\u0165 a obnovi\u0165 lak, tak\u017ee vyzeraj\u00fa znova ako nov\u00e9. Dvere z dyhy alebo f\u00f3lie u\u017e nie je mo\u017en\u00e9 opravi\u0165 po akomko\u013evek po\u0161koden\u00ed, v\u017edy bude mo\u017en\u00e9 pozrie\u0165 zaretu\u0161ovanie, rovnako ich nie je mo\u017en\u00e9 prebr\u00fasi\u0165, ke\u010f\u017ee t\u00fdmto postupom bude dyha zni\u010den\u00e1.<\/p>\n\n\n\n<p>Aj dreven\u00e9 dvere mo\u017eno r\u00f4znym sp\u00f4sobom profilova\u0165, lebo n\u00e1m to mas\u00edv dovol\u00ed.<\/p>\n\n\n\n<p>Pr\u00edrodn\u00fd materi\u00e1l<\/p>\n\n\n\n<p>Neprestajne viac \u013eud\u00ed sa vracia k pr\u00edrode, k pr\u00edrodn\u00fdm pr\u00edpravkom at\u010f. \u010co je viac pr\u00edrodn\u00e9 ako samotn\u00e9 drevo? Dreven\u00e9 interi\u00e9rov\u00e9 a exteri\u00e9rov\u00e9 dvere patria do obydlia, kde si chceme zachova\u0165 aspo\u0148 \u010das\u0165 pr\u00edrody.<\/p>\n<\/div>\n<\/div>\n<\/div><\/div>\n","protected":false},"excerpt":{"rendered":"<p>Stol\u00e1rstvo Siv\u00e1\u0148 Zaober\u00e1me sa v\u00fdrobou interi\u00e9rov\u00fdch a exteri\u00e9rov\u00fdch dver\u00ed a z\u00e1rubn\u00ed n\u00e1bytku najm\u00e4 z mas\u00edvu, ale na po\u017eiadanie aj z laminovanej drevotriesky (DTD), predajom dver\u00ed: f\u00f3liovan\u00fdch, laminovan\u00fdch, dyhovan\u00fdch, sklen\u00fdch a v\u00fdrobou schodn\u00edc.\u00a0Na\u0161e v\u00fdrobky sprev\u00e1dza poves\u0165 kvality, atraktivity a cenovej dostupnosti. Dok\u00e1\u017eeme sa prisp\u00f4sobi\u0165 nastupuj\u00facim m\u00f3dnym trendom Povrchov\u00e9 \u00fapravy DVER\u00cd Vyr\u00e1bame n\u00e1bytok na mieru ako s\u00fa [&hellip;]<\/p>\n","protected":false},"author":1,"featured_media":0,"parent":0,"menu_order":0,"comment_status":"closed","ping_status":"closed","template":"","meta":{"_mi_skip_tracking":false,"footnotes":""},"class_list":["post-64","page","type-page","status-publish","hentry"],"yoast_head":"<!-- This site is optimized with the Yoast SEO plugin v20.2.1 - https:\/\/yoast.com\/wordpress\/plugins\/seo\/ -->\n<title>Ponuka -<\/title>\n<meta name=\"description\" content=\"nabytok vstavane skrine kuchyne dvere masiv nabytok na mieru sklenene dvere foliovanie dyhovanie laminovanie foliovanie\" \/>\n<meta name=\"robots\" content=\"index, follow, max-snippet:-1, max-image-preview:large, max-video-preview:-1\" \/>\n<link rel=\"canonical\" href=\"https:\/\/stolarstvo-sivan.sk\/?page_id=64\" \/>\n<meta property=\"og:locale\" content=\"sk_SK\" \/>\n<meta property=\"og:type\" content=\"article\" \/>\n<meta property=\"og:title\" content=\"Ponuka -\" \/>\n<meta property=\"og:description\" content=\"nabytok vstavane skrine kuchyne dvere masiv nabytok na mieru sklenene dvere foliovanie dyhovanie laminovanie foliovanie\" \/>\n<meta property=\"og:url\" content=\"https:\/\/stolarstvo-sivan.sk\/?page_id=64\" \/>\n<meta property=\"article:modified_time\" content=\"2023-03-11T07:09:20+00:00\" \/>\n<meta name=\"twitter:card\" content=\"summary_large_image\" \/>\n<meta name=\"twitter:label1\" content=\"Predpokladan\u00fd \u010das \u010d\u00edtania\" \/>\n\t<meta name=\"twitter:data1\" content=\"4 min\u00faty\" \/>\n<script type=\"application\/ld+json\" class=\"yoast-schema-graph\">{\"@context\":\"https:\/\/schema.org\",\"@graph\":[{\"@type\":\"WebPage\",\"@id\":\"https:\/\/stolarstvo-sivan.sk\/?page_id=64\",\"url\":\"https:\/\/stolarstvo-sivan.sk\/?page_id=64\",\"name\":\"Ponuka -\",\"isPartOf\":{\"@id\":\"https:\/\/stolarstvo-sivan.sk\/#website\"},\"datePublished\":\"2023-03-08T21:26:14+00:00\",\"dateModified\":\"2023-03-11T07:09:20+00:00\",\"description\":\"nabytok vstavane skrine kuchyne dvere masiv nabytok na mieru sklenene dvere foliovanie dyhovanie laminovanie foliovanie\",\"breadcrumb\":{\"@id\":\"https:\/\/stolarstvo-sivan.sk\/?page_id=64#breadcrumb\"},\"inLanguage\":\"sk-SK\",\"potentialAction\":[{\"@type\":\"ReadAction\",\"target\":[\"https:\/\/stolarstvo-sivan.sk\/?page_id=64\"]}]},{\"@type\":\"BreadcrumbList\",\"@id\":\"https:\/\/stolarstvo-sivan.sk\/?page_id=64#breadcrumb\",\"itemListElement\":[{\"@type\":\"ListItem\",\"position\":1,\"name\":\"Domovsk\u00e1 str\u00e1nka\",\"item\":\"https:\/\/stolarstvo-sivan.sk\/\"},{\"@type\":\"ListItem\",\"position\":2,\"name\":\"Ponuka\"}]},{\"@type\":\"WebSite\",\"@id\":\"https:\/\/stolarstvo-sivan.sk\/#website\",\"url\":\"https:\/\/stolarstvo-sivan.sk\/\",\"name\":\"\",\"description\":\"\",\"potentialAction\":[{\"@type\":\"SearchAction\",\"target\":{\"@type\":\"EntryPoint\",\"urlTemplate\":\"https:\/\/stolarstvo-sivan.sk\/?s={search_term_string}\"},\"query-input\":\"required name=search_term_string\"}],\"inLanguage\":\"sk-SK\"}]}<\/script>\n<!-- \/ Yoast SEO plugin. -->","yoast_head_json":{"title":"Ponuka -","description":"nabytok vstavane skrine kuchyne dvere masiv nabytok na mieru sklenene dvere foliovanie dyhovanie laminovanie foliovanie","robots":{"index":"index","follow":"follow","max-snippet":"max-snippet:-1","max-image-preview":"max-image-preview:large","max-video-preview":"max-video-preview:-1"},"canonical":"https:\/\/stolarstvo-sivan.sk\/?page_id=64","og_locale":"sk_SK","og_type":"article","og_title":"Ponuka -","og_description":"nabytok vstavane skrine kuchyne dvere masiv nabytok na mieru sklenene dvere foliovanie dyhovanie laminovanie foliovanie","og_url":"https:\/\/stolarstvo-sivan.sk\/?page_id=64","article_modified_time":"2023-03-11T07:09:20+00:00","twitter_card":"summary_large_image","twitter_misc":{"Predpokladan\u00fd \u010das \u010d\u00edtania":"4 min\u00faty"},"schema":{"@context":"https:\/\/schema.org","@graph":[{"@type":"WebPage","@id":"https:\/\/stolarstvo-sivan.sk\/?page_id=64","url":"https:\/\/stolarstvo-sivan.sk\/?page_id=64","name":"Ponuka -","isPartOf":{"@id":"https:\/\/stolarstvo-sivan.sk\/#website"},"datePublished":"2023-03-08T21:26:14+00:00","dateModified":"2023-03-11T07:09:20+00:00","description":"nabytok vstavane skrine kuchyne dvere masiv nabytok na mieru sklenene dvere foliovanie dyhovanie laminovanie foliovanie","breadcrumb":{"@id":"https:\/\/stolarstvo-sivan.sk\/?page_id=64#breadcrumb"},"inLanguage":"sk-SK","potentialAction":[{"@type":"ReadAction","target":["https:\/\/stolarstvo-sivan.sk\/?page_id=64"]}]},{"@type":"BreadcrumbList","@id":"https:\/\/stolarstvo-sivan.sk\/?page_id=64#breadcrumb","itemListElement":[{"@type":"ListItem","position":1,"name":"Domovsk\u00e1 str\u00e1nka","item":"https:\/\/stolarstvo-sivan.sk\/"},{"@type":"ListItem","position":2,"name":"Ponuka"}]},{"@type":"WebSite","@id":"https:\/\/stolarstvo-sivan.sk\/#website","url":"https:\/\/stolarstvo-sivan.sk\/","name":"","description":"","potentialAction":[{"@type":"SearchAction","target":{"@type":"EntryPoint","urlTemplate":"https:\/\/stolarstvo-sivan.sk\/?s={search_term_string}"},"query-input":"required name=search_term_string"}],"inLanguage":"sk-SK"}]}},"_links":{"self":[{"href":"https:\/\/stolarstvo-sivan.sk\/index.php?rest_route=\/wp\/v2\/pages\/64","targetHints":{"allow":["GET"]}}],"collection":[{"href":"https:\/\/stolarstvo-sivan.sk\/index.php?rest_route=\/wp\/v2\/pages"}],"about":[{"href":"https:\/\/stolarstvo-sivan.sk\/index.php?rest_route=\/wp\/v2\/types\/page"}],"author":[{"embeddable":true,"href":"https:\/\/stolarstvo-sivan.sk\/index.php?rest_route=\/wp\/v2\/users\/1"}],"replies":[{"embeddable":true,"href":"https:\/\/stolarstvo-sivan.sk\/index.php?rest_route=%2Fwp%2Fv2%2Fcomments&post=64"}],"version-history":[{"count":3,"href":"https:\/\/stolarstvo-sivan.sk\/index.php?rest_route=\/wp\/v2\/pages\/64\/revisions"}],"predecessor-version":[{"id":216,"href":"https:\/\/stolarstvo-sivan.sk\/index.php?rest_route=\/wp\/v2\/pages\/64\/revisions\/216"}],"wp:attachment":[{"href":"https:\/\/stolarstvo-sivan.sk\/index.php?rest_route=%2Fwp%2Fv2%2Fmedia&parent=64"}],"curies":[{"name":"wp","href":"https:\/\/api.w.org\/{rel}","templated":true}]}}