{"id":2,"date":"2023-03-08T10:18:52","date_gmt":"2023-03-08T09:18:52","guid":{"rendered":"https:\/\/web.stolarstvo-sivan.sk\/?page_id=2"},"modified":"2023-03-10T20:44:17","modified_gmt":"2023-03-10T19:44:17","slug":"ukazkova-stranka","status":"publish","type":"page","link":"https:\/\/stolarstvo-sivan.sk\/","title":{"rendered":""},"content":{"rendered":"\n<div class=\"wp-block-columns alignwide is-layout-flex wp-container-core-columns-is-layout-9d6595d7 wp-block-columns-is-layout-flex\">\n<div class=\"wp-block-column has-text-color has-background has-link-color wp-elements-ee7777688cb5e7c342a72563f6768b0a is-layout-flow wp-block-column-is-layout-flow\" style=\"color:#000000;background-color:#ffe97d;padding-top:2em;padding-right:2em;padding-bottom:2em;padding-left:2em\">\n<h2 class=\"wp-block-heading\" id=\"single\" style=\"font-size:40px\"><strong><strong>Ponuka<\/strong><\/strong><\/h2>\n\n\n\n<hr class=\"wp-block-separator has-text-color has-css-opacity has-background is-style-wide\" style=\"background-color:#000000;color:#000000\"\/>\n\n\n\n<p>Zaober\u00e1me sa v\u00fdrobou interi\u00e9rov\u00fdch a exteri\u00e9rov\u00fdch dver\u00ed a z\u00e1rubn\u00ed n\u00e1bytku najm\u00e4 z mas\u00edvu, ale na po\u017eiadanie aj z laminovanej drevotriesky (DTD), predajom dver\u00ed: f\u00f3liovan\u00fdch, laminovan\u00fdch, dyhovan\u00fdch, sklen\u00fdch a v\u00fdrobou schodn\u00edc.<\/p>\n<\/div>\n\n\n\n<div class=\"wp-block-column has-text-color has-background has-link-color wp-elements-642d7b214c66befdf559df074c267568 is-layout-flow wp-block-column-is-layout-flow\" style=\"color:#000000;background-color:#d1d1e1;padding-top:2em;padding-right:2em;padding-bottom:2em;padding-left:2em\">\n<h2 class=\"wp-block-heading\" id=\"family\" style=\"font-size:40px\"><strong><strong>Kvalita<\/strong><\/strong><\/h2>\n\n\n\n<hr class=\"wp-block-separator has-css-opacity is-style-wide\"\/>\n\n\n\n<p>Na\u0161e v\u00fdrobky sprev\u00e1dza poves\u0165 kvality, atraktivity a cenovej dostupnosti. Dok\u00e1\u017eeme sa prisp\u00f4sobi\u0165 nastupuj\u00facim m\u00f3dnym trendom<\/p>\n<\/div>\n\n\n\n<div class=\"wp-block-column has-text-color has-background has-link-color wp-elements-e9bded47623888bd2d9247d9fd348e0a is-layout-flow wp-block-column-is-layout-flow\" style=\"color:#000000;background-color:#c0ebf1;padding-top:2em;padding-right:2em;padding-bottom:2em;padding-left:2em\">\n<h2 class=\"wp-block-heading\" id=\"patron\" style=\"font-size:40px\"><strong><strong>Cena<\/strong><\/strong><\/h2>\n\n\n\n<hr class=\"wp-block-separator has-css-opacity is-style-wide\"\/>\n\n\n\n<p>Nev\u00e1hajte a nechajte si od n\u00e1s zdarma vyhotovi\u0165 nez\u00e1v\u00e4zn\u00fa cenov\u00fa ponuku na slu\u017ebu \u010di tovar, ktor\u00fd si prajete. M\u00f4\u017eete n\u00e1s kontaktova\u0165 telefonicky alebo na&nbsp;<a href=\"mailto:sivan@stolarstvo-sivan.sk\">email<\/a>.<\/p>\n<\/div>\n<\/div>\n","protected":false},"excerpt":{"rendered":"<p>Ponuka Zaober\u00e1me sa v\u00fdrobou interi\u00e9rov\u00fdch a exteri\u00e9rov\u00fdch dver\u00ed a z\u00e1rubn\u00ed n\u00e1bytku najm\u00e4 z mas\u00edvu, ale na po\u017eiadanie aj z laminovanej drevotriesky (DTD), predajom dver\u00ed: f\u00f3liovan\u00fdch, laminovan\u00fdch, dyhovan\u00fdch, sklen\u00fdch a v\u00fdrobou schodn\u00edc. Kvalita Na\u0161e v\u00fdrobky sprev\u00e1dza poves\u0165 kvality, atraktivity a cenovej dostupnosti. Dok\u00e1\u017eeme sa prisp\u00f4sobi\u0165 nastupuj\u00facim m\u00f3dnym trendom Cena Nev\u00e1hajte a nechajte si od n\u00e1s zdarma [&hellip;]<\/p>\n","protected":false},"author":1,"featured_media":0,"parent":0,"menu_order":0,"comment_status":"closed","ping_status":"open","template":"","meta":{"_mi_skip_tracking":false,"footnotes":""},"class_list":["post-2","page","type-page","status-publish","hentry"],"yoast_head":"<!-- This site is optimized with the Yoast SEO plugin v20.2.1 - https:\/\/yoast.com\/wordpress\/plugins\/seo\/ -->\n<title>-<\/title>\n<meta name=\"description\" content=\"stolarstvo orava, stolarstvo sivan nabytok na mieru vstavane skrine z masivu drevotriesky najlepsie stolarstvo v Babine\" \/>\n<meta name=\"robots\" content=\"index, follow, max-snippet:-1, max-image-preview:large, max-video-preview:-1\" \/>\n<link rel=\"canonical\" href=\"https:\/\/stolarstvo-sivan.sk\/\" \/>\n<meta property=\"og:locale\" content=\"sk_SK\" \/>\n<meta property=\"og:type\" content=\"article\" \/>\n<meta property=\"og:title\" content=\"-\" \/>\n<meta property=\"og:description\" content=\"stolarstvo orava, stolarstvo sivan nabytok na mieru vstavane skrine z masivu drevotriesky najlepsie stolarstvo v Babine\" \/>\n<meta property=\"og:url\" content=\"https:\/\/stolarstvo-sivan.sk\/\" \/>\n<meta property=\"article:modified_time\" content=\"2023-03-10T19:44:17+00:00\" \/>\n<meta name=\"twitter:card\" content=\"summary_large_image\" \/>\n<meta name=\"twitter:label1\" content=\"Predpokladan\u00fd \u010das \u010d\u00edtania\" \/>\n\t<meta name=\"twitter:data1\" content=\"1 min\u00fata\" \/>\n<script type=\"application\/ld+json\" class=\"yoast-schema-graph\">{\"@context\":\"https:\/\/schema.org\",\"@graph\":[{\"@type\":\"WebPage\",\"@id\":\"https:\/\/stolarstvo-sivan.sk\/\",\"url\":\"https:\/\/stolarstvo-sivan.sk\/\",\"name\":\"-\",\"isPartOf\":{\"@id\":\"https:\/\/stolarstvo-sivan.sk\/#website\"},\"datePublished\":\"2023-03-08T09:18:52+00:00\",\"dateModified\":\"2023-03-10T19:44:17+00:00\",\"description\":\"stolarstvo orava, stolarstvo sivan nabytok na mieru vstavane skrine z masivu drevotriesky najlepsie stolarstvo v Babine\",\"inLanguage\":\"sk-SK\",\"potentialAction\":[{\"@type\":\"ReadAction\",\"target\":[\"https:\/\/stolarstvo-sivan.sk\/\"]}]},{\"@type\":\"WebSite\",\"@id\":\"https:\/\/stolarstvo-sivan.sk\/#website\",\"url\":\"https:\/\/stolarstvo-sivan.sk\/\",\"name\":\"\",\"description\":\"\",\"potentialAction\":[{\"@type\":\"SearchAction\",\"target\":{\"@type\":\"EntryPoint\",\"urlTemplate\":\"https:\/\/stolarstvo-sivan.sk\/?s={search_term_string}\"},\"query-input\":\"required name=search_term_string\"}],\"inLanguage\":\"sk-SK\"}]}<\/script>\n<!-- \/ Yoast SEO plugin. -->","yoast_head_json":{"title":"-","description":"stolarstvo orava, stolarstvo sivan nabytok na mieru vstavane skrine z masivu drevotriesky najlepsie stolarstvo v Babine","robots":{"index":"index","follow":"follow","max-snippet":"max-snippet:-1","max-image-preview":"max-image-preview:large","max-video-preview":"max-video-preview:-1"},"canonical":"https:\/\/stolarstvo-sivan.sk\/","og_locale":"sk_SK","og_type":"article","og_title":"-","og_description":"stolarstvo orava, stolarstvo sivan nabytok na mieru vstavane skrine z masivu drevotriesky najlepsie stolarstvo v Babine","og_url":"https:\/\/stolarstvo-sivan.sk\/","article_modified_time":"2023-03-10T19:44:17+00:00","twitter_card":"summary_large_image","twitter_misc":{"Predpokladan\u00fd \u010das \u010d\u00edtania":"1 min\u00fata"},"schema":{"@context":"https:\/\/schema.org","@graph":[{"@type":"WebPage","@id":"https:\/\/stolarstvo-sivan.sk\/","url":"https:\/\/stolarstvo-sivan.sk\/","name":"-","isPartOf":{"@id":"https:\/\/stolarstvo-sivan.sk\/#website"},"datePublished":"2023-03-08T09:18:52+00:00","dateModified":"2023-03-10T19:44:17+00:00","description":"stolarstvo orava, stolarstvo sivan nabytok na mieru vstavane skrine z masivu drevotriesky najlepsie stolarstvo v Babine","inLanguage":"sk-SK","potentialAction":[{"@type":"ReadAction","target":["https:\/\/stolarstvo-sivan.sk\/"]}]},{"@type":"WebSite","@id":"https:\/\/stolarstvo-sivan.sk\/#website","url":"https:\/\/stolarstvo-sivan.sk\/","name":"","description":"","potentialAction":[{"@type":"SearchAction","target":{"@type":"EntryPoint","urlTemplate":"https:\/\/stolarstvo-sivan.sk\/?s={search_term_string}"},"query-input":"required name=search_term_string"}],"inLanguage":"sk-SK"}]}},"_links":{"self":[{"href":"https:\/\/stolarstvo-sivan.sk\/index.php?rest_route=\/wp\/v2\/pages\/2","targetHints":{"allow":["GET"]}}],"collection":[{"href":"https:\/\/stolarstvo-sivan.sk\/index.php?rest_route=\/wp\/v2\/pages"}],"about":[{"href":"https:\/\/stolarstvo-sivan.sk\/index.php?rest_route=\/wp\/v2\/types\/page"}],"author":[{"embeddable":true,"href":"https:\/\/stolarstvo-sivan.sk\/index.php?rest_route=\/wp\/v2\/users\/1"}],"replies":[{"embeddable":true,"href":"https:\/\/stolarstvo-sivan.sk\/index.php?rest_route=%2Fwp%2Fv2%2Fcomments&post=2"}],"version-history":[{"count":19,"href":"https:\/\/stolarstvo-sivan.sk\/index.php?rest_route=\/wp\/v2\/pages\/2\/revisions"}],"predecessor-version":[{"id":163,"href":"https:\/\/stolarstvo-sivan.sk\/index.php?rest_route=\/wp\/v2\/pages\/2\/revisions\/163"}],"wp:attachment":[{"href":"https:\/\/stolarstvo-sivan.sk\/index.php?rest_route=%2Fwp%2Fv2%2Fmedia&parent=2"}],"curies":[{"name":"wp","href":"https:\/\/api.w.org\/{rel}","templated":true}]}}